/(-3).
5
Suppose 13*x + 5143 = 5221. Let y = -14 + 39. What is the remainder when y is divided by x?
1
Suppose -2*i + i + 65 = -3*g, g + 219 = 3*i. Suppose -71*d - 333 = -i*d. What is the remainder when d is divided by 19?
16
Let c(u) = 2*u**3 + 6*u**2 + 3*u - 2. Calculate the remainder when c(3) is divided by 59.
56
What is the remainder when 20/2*((-2745)/(-6))/15 is divided by 28?
25
Let s = 5 - -2. Let f(o) = -2*o - s*o + 1 - 19*o - 12*o. What is the remainder when f(-1) is divided by 11?
8
What is the remainder when 45 is divided by 37 + (11 + -6 - 0)?
3
Suppose y - 285 = 5*m - 63, -y - 4*m + 186 = 0. Suppose -2*g = -3*v + 102, -39 = 5*v - g - y. What is the remainder when v is divided by 13 + (-1 + 0 - 1)?
10
Let n = -33 + 41. Let o = -31 - -43. What is the remainder when o is divided by n?
4
Suppose -b - 3 - 1 = 0, -3*q - b + 53 = 0. Let i(j) = -j**2 + 22*j - 6. Suppose 0 = 2*z + 3*z - 65. What is the remainder when i(q) is divided by z?
12
Suppose -12*x = 2*r - 14*x - 38, -x - 40 = -2*r. Suppose p - 3*p = -12. What is the remainder when r is divided by p?
3
Suppose 6*l = 11*l - 15. Suppose -g - n = -l, 3*g + n = -3*n + 7. Calculate the remainder when 13 is divided by g.
3
Calculate the remainder when (47/4 - 2)/(14/336) is divided by 14.
10
Let o = 538 + -520. Calculate the remainder when o is divided by ((-28)/6)/((-2)/3).
4
Suppose 2*u = 2*s - 28, -3*s - 3*u + 31 - 1 = 0. What is the remainder when 70 is divided by s?
10
Let w(u) = -4*u + 24. Let c be w(6). Suppose c = -t + 29 - 20. Let b = -8 + 14. What is the remainder when t is divided by b?
3
Suppose -4*k = 15 + 17. Suppose 0 = t - 5*t + 52. Let y = t - k. What is the remainder when 61 is divided by y?
19
Let t(n) be the first derivative of -n**3/3 - 4*n**2 - 8*n + 7. Let j be t(-6). Calculate the remainder when 55 is divided by -1*(-9 - 2) + j.
10
Suppose 0 = 7*x - 5*x - 8. Suppose -122 - 46 = -x*f. What is the remainder when f is divided by 11?
9
Let j(f) = 3*f - 85. What is the remainder when j(66) is divided by 23?
21
Suppose -5*s + 11 = 1. Let a be ((-1)/s)/((-4)/16). Calculate the remainder when 9 is divided by (3/(-6))/(a/(-20)).
4
Suppose -4*r = -s + 10, 0 = 3*s - 5*s + r + 27. What is the remainder when 306 is divided by s?
12
Let i(n) = 2*n**2 + 6*n + 13. Let k(d) = -d**3 + 8*d**2 - 4*d - 3. What is the remainder when i(-5) is divided by k(7)?
15
Let g = 552 + -183. Calculate the remainder when g is divided by 12.
9
Suppose 28 = -4*s + 7*s + 5*p, -4*s + 20 = -2*p. What is the remainder when 155 is divided by s?
5
Let x = 7 - -3. Suppose -5 = -k, -2*k - x + 32 = -2*z. What is the remainder when (2/z)/(10/(-630)) is divided by 6?
3
Let h(c) be the first derivative of -c**3/3 + 9*c**2/2 - 6*c - 11. What is the remainder when 4 is divided by h(8)?
0
Let l = -40 - -47. Let t = l + 10. Let d(s) = s**2 + 6*s + 5. What is the remainder when t is divided by d(-6)?
2
Let x be (-1)/3*((0 - 35) + -4). Suppose x = 2*y - 9. Calculate the remainder when 54 is divided by y.
10
Let z = -1828 - -1848. Suppose 94 = -4*f + 298. Let t = -15 + f. Calculate the remainder when t is divided by z.
16
Let f = -249 - -251. Let w = 3 + -3. Let h = w + 1. Calculate the remainder when f is divided by h.
0
What is the remainder when 227 is divided by ((-456)/40)/((-11)/55)?
56
Suppose -360 = -3*d - 3*v, -4*v - 39 = -2*d + 177. What is the remainder when d is divided by 41?
34
Suppose 3*q = -10*q + 26. Suppose 12 = w + q*h, 5*h - h = 2*w. What is the remainder when 41 is divided by w?
5
Suppose -l - 13 = -15. Let r be (-2)/(-8) + 60/16. Suppose 3*a = -2*f + 19, 9*f + 5 = r*f. Calculate the remainder when a is divided by l.
1
What is the remainder when 72 is divided by (-74)/(1 + 1 - 4)?
35
Calculate the remainder when 3*(-15)/(-12)*(-224)/(-12) is divided by ((-5)/10)/(2/(-36)).
7
Let s(y) = y**2 + 28*y + 174. What is the remainder when 278 is divided by s(-8)?
12
Suppose -g + 2*s = -2*g + 1, 0 = -4*g + s + 22. Let y(b) = b**2 - 4*b - 1. Calculate the remainder when y(g) is divided by 1.
0
Let t(j) = -j**3 - 23*j**2 + 24*j + 14. What is the remainder when 43 is divided by t(-24)?
1
Suppose q - 4*a - 174 = 0, 2*q - 16*a = -12*a + 360. What is the remainder when q is divided by 28?
18
What is the remainder when (40/(-3))/(10/75*-1) is divided by 33?
1
Let c(h) = -h + 5. Let r be c(-7). Suppose 9*g = 6*g - r. What is the remainder when (2/g)/((-1)/74) is divided by 19?
18
Suppose j + 4 = -8. Let n(r) = r**2 + 11*r - 15. Let o be n(j). Calculate the remainder when 16 is divided by 4/(2/(-9)*o).
4
Suppose 4*k = 4*x - 1068, 239*k + 4 = 240*k. Calculate the remainder when x is divided by 98.
75
Let f be 2*((1 - 1) + 1). Let w be -5 + (f - 0) + 7. Suppose -36 = -w*b - 0*b. What is the remainder when 24 is divided by b?
6
Let v(y) = y**3 + 16*y**2 + 18*y + 16. What is the remainder when v(-11) is divided by 106?
105
Let p = -41 + 92. Let v = p - 30. What is the remainder when 62 is divided by v?
20
Suppose -5*j + 37 = -3*g, 4*j - 3*j + 15 = -5*g. Let l = -5 - g. Calculate the remainder when l/1*1 + 43 is divided by 15.
12
Let o(y) = -24*y - 79. What is the remainder when o(-6) is divided by 35?
30
Let g = 60 + -13. Suppose 7*w = 3*w + 32. Calculate the remainder when g is divided by w.
7
Let w(q) = 7*q - 46. Calculate the remainder when 78 is divided by w(9).
10
Let j = -34 - -49. Let u = 71 - 68. Suppose u*y - 179 = -5*m, -2*y + 5*y + m = 175. Calculate the remainder when y is divided by j.
13
Suppose 4*x + 10 = -x - 3*a, 4*x + 11 = -3*a. Let g = -10 + x. Let b(k) = -2*k - 13. Calculate the remainder when 13 is divided by b(g).
3
Let s(j) = 42*j**3 + 2*j - 1. Let v be s(1). Suppose y - v = -6. Let u = 76 - y. What is the remainder when u is divided by 20?
19
Suppose 42*p - 45*p - 46 = -x, -5*x - 5*p = -230. What is the remainder when x is divided by 34?
12
Let f = 332 + -222. What is the remainder when f is divided by 36?
2
Let d = 2408 + -2382. What is the remainder when (-1)/4 + (-394)/(-8) is divided by d?
23
Let x be 26/4 + 6/4. Let h(b) = b**2 - 8*b + 30. Let t = 28 - 12. What is the remainder when h(x) is divided by t?
14
Let l(m) = m**3 - 4*m**2 + 6*m - 38. Calculate the remainder when 1/5 + (-239)/(-5) is divided by l(5).
14
Suppose 4 = 11*o - 7*o + 4*w, 5*o - w - 29 = 0. Calculate the remainder when 202 is divided by o.
2
Let t = 94 - -234. Calculate the remainder when t is divided by 30.
28
Suppose -x + 2*g + 8 = -0*g, g = -4. Suppose -4*f + 100 = -x*f. Suppose 0 = 21*p - f*p + 100. What is the remainder when 97 is divided by p?
22
Let j(y) = y**2 - 2*y + 8. What is the remainder when (-2 + 15)*(1 - 5/(-1)) is divided by j(4)?
14
Suppose 2*x = -h + 2*h - 10, 7 = h - 3*x. Suppose -10*o + 3*o = -35. Suppose -9 - h = -o*v. What is the remainder when 19 is divided by v?
4
Let q(p) = p**2 - 2*p + 28. Suppose -3*s = 0, -z - 4*s + s = -8. What is the remainder when q(z) is divided by 20?
16
Let n = 159 + -112. Calculate the remainder when n is divided by 24.
23
Let o(p) = -p + 9. Let z be o(9). Suppose -5*l - 4*l + 108 = z. Let u = -53 - -112. What is the remainder when u is divided by l?
11
What is the remainder when (-3)/(9/(-44)) - 12/18 is divided by 9?
5
Let a(c) = -8*c + 14. Let x(g) = 8*g - 15. Let t(j) = -5*a(j) - 4*x(j). Let z = 47 + -34. What is the remainder when t(6) is divided by z?
12
Let z(l) = -99*l + 733. What is the remainder when (8/6)/((-2)/(-114)) is divided by z(7)?
36
Suppose -5*c = -9 - 6. Suppose -c*f = h - 6*h - 43, 0 = -f - 5*h + 21. Suppose -f = -m + i - 3*i, 0 = 5*i - 5. What is the remainder when m is divided by 8?
6
Suppose 18*i = -11*i + 1421. Calculate the remainder when i is divided by 10.
9
Let t = -142 + 210. Calculate the remainder when 133 is divided by t.
65
Suppose 10*d = -98 + 278. What is the remainder when 100 is divided by d?
10
Suppose 3*c - 30 = 4*u + 123, 0 = -3*c + u + 144. Let j = c + 2. Calculate the remainder when j is divided by 17.
15
Calculate the remainder when (152/114)/((-6)/(-135)) is divided by 24.
6
Let a be 684/132 + 4/(-22). Suppose -a*t - 12 = -t, 2*v - 2*t - 132 = 0. Calculate the remainder when v is divided by 22.
19
Suppose -4*g = 5*w - 196, 165 = 4*g + 3*w - 23. Suppose -2*c = 4*h - 872, 3*h + c - 6*c = 667. What is the remainder when h